
What is -22233013 (base 4) in base 15?
-d06a
-1513855 (base 9) to base 10
-836132
What is -34198 (base 11) in base 5?
-3040400
What is -6035221 (base 7) in base 10?
-714925
Convert 5071a5 (base 11) to base 14.
172d28
What is 9cd7 (base 14) in base 5?
1332422
What is -65205551 (base 7) in base 11?
-3161174
Convert 2421043 (base 7) to base 6.
10332314
What is 21453515 (base 6) in base 9?
1182632
What is 556163 (base 8) in base 14?
4c495
What is 4296933 (base 11) in base 7?
121111256
Convert -483708 (base 12) to base 7.
-12631355
103132120301 (base 4) to base 15
6ac9bb
What is 1040433322 (base 5) in base 10?
2280462
-22325253 (base 6) to base 7
-5532231
What is 31788 (base 16) in base 15?
4008c
Convert 47631 (base 11) to base 7.
404056
Convert -20ea2f (base 16) to base 11.
-1243733
Convert 1043037 (base 8) to base 13.
9a64a
51753 (base 8) to base 13
9a17
a933 (base 12) to base 6
222103
Convert -1001443020 (base 5) to base 9.
-3653644
60a57 (base 11) to base 6
1524330
What is 103000233213 (base 4) in base 5?
2233440113
907589 (base 12) to base 6
120135453
Convert -111002120202 (base 3) to base 12.
-105202
318483 (base 10) to base 7
2464344
Convert -10100011001010110100 (base 2) to base 4.
-2203022310
Convert -118414 (base 10) to base 4.
-130322032
What is -1111101111111011111 (base 2) in base 4?
-1331333133
What is 5500619 (base 10) in base 7?
64516535
84181 (base 11) to base 14
329b8
What is -110111101000111000101000 (base 2) in base 7?
-234654662
Convert -289f6 (base 16) to base 5.
-20311030
Convert 1bb98 (base 12) to base 6.
515512
20021234 (base 5) to base 15
31ace
What is -173442 (base 9) in base 5?
-11420100
Convert -1e1b1d (base 15) to base 2.
-101100111110111010011
-4be909 (base 15) to base 9
-6763140
-80c29 (base 13) to base 3
-102201020221
What is 1413123 (base 5) in base 6?
343003
110110111100000 (base 2) to base 11
1a151
Convert -307825 (base 13) to base 10.
-1130641
11000011101000011110 (base 2) to base 12
32787a
What is -76a8a (base 14) in base 6?
-10054454
Convert -110616 (base 12) to base 5.
-32123300
Convert 212504 (base 7) to base 15.
ae35
Convert 112112100221 (base 3) to base 6.
10044124
27440 (base 11) to base 10
39127
What is -101101111011111001 (base 2) in base 9?
-316078
22501451 (base 8) to base 15
666d46
359229 (base 14) to base 13
4c1354
-11111000010111000010 (base 2) to base 8
-3702702
What is 20111120 (base 3) in base 4?
1022010
1406733 (base 11) to base 8
11177472
Convert -1221210222 (base 3) to base 10.
-38501
Convert 12031101102 (base 4) to base 14.
30501c
Convert 3065332 (base 7) to base 2.
1011010001001010110
What is 82787 (base 14) in base 12?
131a83
Convert -211122122011020 (base 3) to base 5.
-11040220240
Convert -401506 (base 7) to base 4.
-100203232
Convert -21451113 (base 6) to base 9.
-1181820
Convert 3223b (base 13) to base 2.
10110000101100001
Convert -2100111033 (base 4) to base 13.
-179118
Convert -1465644 (base 7) to base 11.
-128292
What is -30f4c (base 16) in base 11?
-127725
37376170 (base 8) to base 11
472a36a
Convert -10111011001000 (base 2) to base 11.
-8aa8
Convert -1024058 (base 9) to base 13.
-1622ab
What is -11112104103 (base 5) in base 2?
-101110100111111111000011
132111103211 (base 4) to base 14
10adb49
12d04 (base 14) to base 4
23111320
-317a8b (base 14) to base 9
-3130147
Convert -6408 (base 9) to base 14.
-1a02
Convert -1000100000001111100 (base 2) to base 5.
-32404102
What is -100003033332 (base 4) in base 3?
-21220202202120
Convert 1003232223 (base 4) to base 13.
9936c
3277aa4 (base 11) to base 15
788a28
232553014 (base 6) to base 14
80d078
What is 215447 (base 9) in base 4?
133122133
Convert 10010001110111001101001 (base 2) to base 3.
22222211102011
What is -7705167 (base 8) in base 11?
-1192019
Convert -31210233 (base 4) to base 13.
-1c3cb
What is a18966 (base 12) in base 8?
11502136
Convert -1124012 (base 5) to base 4.
-11000123
What is 12130131130 (base 4) in base 11?
a54331
Convert 4041243 (base 7) to base 6.
14145200
-1344440 (base 7) to base 5
-21214040
What is 222130231221 (base 4) in base 6?
1034300533
What is 3a10a (base 13) in base 8?
322470
Convert -a04293 (base 11) to base 9.
-3032873
What is 242221 (base 13) in base 3?
1121202212201
-10055 (base 15) to base 2
-1100011000010001
What is 302650 (base 7) in base 8?
144354
What is 231304202 (base 5) in base 15?
15876c
Convert 1002b (base 13) to base 3.
1110020012
1d1b39 (base 15) to base 5
331022104
Convert -120e94 (base 15) to base 5.
-210121124
Convert 2db6b (base 15) to base 7.
1153421
Convert 11323111202 (base 4) to base 8.
5732542
What is -16652312 (base 7) in base 14?
-30ab42
1416776 (base 8) to base 9
670827
What is -747795 (base 10) in base 2?
-10110110100100010011
9519c (base 15) to base 13
13730a
100211101200222 (base 3) to base 6
303544125
Convert 265566 (base 8) to base 16.
16b76
Convert -143b515 (base 15) to base 3.
-1000111200111102
-22204667 (base 9) to base 3
-202020011202021
-43575 (base 9) to base 7
-150161
-10111011110010100 (base 2) to base 4
-113132110
Convert 1263478 (base 11) to base 15.
2d2ad1
Convert 3206c78 (base 13) to base 9.
31605038
What is 12fa01 (base 16) in base 10?
1243649
-25eba (base 15) to base 5
-12341300
-103340011 (base 5) to base 12
-198085
Convert -13303010103 (base 4) to base 12.
-826b83
-7310a (base 15) to base 11
-22a038
Convert 62258 (base 10) to base 5.
3443013
What is -4117234 (base 8) in base 9?
-2040060
Convert 4230123 (base 5) to base 4.
101100013
Convert 4445024 (base 7) to base 5.
120033121
1001102201 (base 3) to base 16
50f8
What is -2e3b77 (base 16) in base 4?
-23203231313
450653 (base 8) to base 3
21201110212
Convert -212012101 (base 4) to base 16.
-26191
Convert -14543345 (base 7) to base 10.
-1388987
Convert 3650433 (base 7) to base 16.
71c5e
What is 283970 (base 10) in base 9?
472472
Convert 214000301 (base 5) to base 14.
19ddb9
10220012201112 (base 3) to base 10
2070887
What is 62642426 (base 7) in base 3?
100221122122022
110333521 (base 6) to base 15
293dc4
21112222 (base 5) to base 14
4818d
Convert 854189 (base 10) to base 15.
11d15e
-31440243 (base 5) to base 15
-53818
What is 6d8352 (base 14) in base 6?
212204152
What is 1111110010001100000 (base 2) in base 3?
222021111011
Convert -223754 (base 8) to base 2.
-10010011111101100
Convert 10858107 (base 10) to base 14.
1629071
405454 (base 10) to base 16
62fce
What is 315001520 (base 6) in base 15?
74a29c
What is 274341 (base 8) in base 6?
2022401
Convert 470472 (base 8) to base 5.
20110213
What is b4a1cf (base 16) in base 14?
1802167
What is 4031141010 (base 5) in base 12?
2851167
What is -7552872 (base 9) in base 12?
-1433b18
-2222011110 (base 3) to base 11
-3a9a8
a672a (base 12) to base 16
35692
166147 (base 10) to base 4
220210003
13520111 (base 7) to base 6
43042132
Convert 20023122130 (base 4) to base 3.
11000220212201
48a67 (base 12) to base 7
556360
-2673a (base 13) to base 5
-4242121
Convert 16125151 (base 7) to base 15.
20a181
Convert 789359 (base 11) to base 10.
1256891
What is -1100100001111101101100 (base 2) in base 6?
-154223340
Convert 3013330312 (base 5) to base 11.
3425733
Convert -2368312 (base 10) to base 16.
-242338
What is -97595 (base 11) in base 15?
-2c030
Convert -2035d (base 15) to base 6.
-2104141
Convert -32150311 (base 6) to base 9.
-1703637
What is 1520150 (base 6) in base 3?
11110222110
6a6487 (base 11) to base 9
2088087
Convert -57a1a0 (base 16) to base 6.
-323032000
What is -2131020 (base 4) in base 14?
-3944
Convert 1132313223 (base 4) to base 6.
12155003
What is 1310021023 (base 4) in base 8?
1641113
What is -3bea1e (base 16) in base 5?
-2001122213
What is -49a08 (base 13) in base 3?
-20220011111
What is -3948e (base 15) in base 12?
-8a098
Convert 125838 (base 9) to base 2.
10010101011010011
What is 85816 (base 14) in base 16?
4ec4c
-262175 (base 8) to base 14
-25389
188d82 (base 14) to base 16
d4586
-111110000100111101 (base 2) to base 14
-68941
What is -3a6591 (base 11) in base 5?
-130411004
What is -1010313030 (base 4) in base 6?
-10013500
Convert 41178 (base 10) to base 13.
15987
Convert -279639 (base 10) to base 4.
-1010101113
Convert 111101011110111011 (base 2) to base 16.
3d7bb
Convert -664065 (base 7) to base 16.
-1c7bb
Convert -c371 (base 16) to base 9.
-75562
What is 27